{"id":93,"date":"2026-02-01T18:24:52","date_gmt":"2026-02-01T18:24:52","guid":{"rendered":"http:\/\/www.powermixxx.com.tr\/?page_id=93"},"modified":"2026-02-18T20:40:20","modified_gmt":"2026-02-18T20:40:20","slug":"teknik-urunler","status":"publish","type":"page","link":"https:\/\/www.powermixxx.com.tr\/?page_id=93","title":{"rendered":"Teknik \u00dcr\u00fcnler"},"content":{"rendered":"\n<div class=\"wp-block-columns animated fadeInUp is-layout-flex wp-container-core-columns-is-layout-ff6c377e wp-block-columns-is-layout-flex\">\n<div class=\"wp-block-column animated fadeInUp is-layout-flow wp-block-column-is-layout-flow\">\n<figure class=\"wp-block-image aligncenter size-large is-resized\"><a href=\"https:\/\/www.powermixxx.com.tr\/?page_id=652\"><img loading=\"lazy\" decoding=\"async\" width=\"751\" height=\"1024\" src=\"https:\/\/www.powermixxx.com.tr\/wp-content\/uploads\/2026\/02\/mahyak-751x1024.png\" alt=\"\" class=\"wp-image-649\" style=\"width:312px;height:auto\" srcset=\"https:\/\/www.powermixxx.com.tr\/wp-content\/uploads\/2026\/02\/mahyak-751x1024.png 751w, https:\/\/www.powermixxx.com.tr\/wp-content\/uploads\/2026\/02\/mahyak-220x300.png 220w, https:\/\/www.powermixxx.com.tr\/wp-content\/uploads\/2026\/02\/mahyak-768x1047.png 768w, https:\/\/www.powermixxx.com.tr\/wp-content\/uploads\/2026\/02\/mahyak-1126x1536.png 1126w, https:\/\/www.powermixxx.com.tr\/wp-content\/uploads\/2026\/02\/mahyak.png 1168w\" sizes=\"auto, (max-width: 751px) 100vw, 751px\" \/><\/a><\/figure>\n\n\n\n<h2 class=\"wp-block-heading has-text-align-center\">Mahya Harc\u0131 K\u0131rm\u0131z\u0131<\/h2>\n\n\n\n<p class=\"has-text-align-center\">\u00c7imento esasl\u0131, polimer katk\u0131l\u0131, y\u00fcksek performansl\u0131 gaz beton yap\u0131\u015ft\u0131r\u0131c\u0131<\/p>\n<\/div>\n\n\n\n<div class=\"wp-block-column animated fadeInUp is-layout-flow wp-block-column-is-layout-flow\">\n<figure class=\"wp-block-image aligncenter size-large is-resized\" style=\"margin-top:0;margin-right:var(--wp--preset--spacing--50);margin-bottom:0;margin-left:var(--wp--preset--spacing--50)\"><a href=\"https:\/\/www.powermixxx.com.tr\/?page_id=656\"><img loading=\"lazy\" decoding=\"async\" width=\"751\" height=\"1024\" src=\"https:\/\/www.powermixxx.com.tr\/wp-content\/uploads\/2026\/02\/mahyaa-751x1024.png\" alt=\"\" class=\"wp-image-650\" style=\"aspect-ratio:0.7462428744169978;width:306px;height:auto\" srcset=\"https:\/\/www.powermixxx.com.tr\/wp-content\/uploads\/2026\/02\/mahyaa-751x1024.png 751w, https:\/\/www.powermixxx.com.tr\/wp-content\/uploads\/2026\/02\/mahyaa-220x300.png 220w, https:\/\/www.powermixxx.com.tr\/wp-content\/uploads\/2026\/02\/mahyaa-768x1047.png 768w, https:\/\/www.powermixxx.com.tr\/wp-content\/uploads\/2026\/02\/mahyaa-1126x1536.png 1126w, https:\/\/www.powermixxx.com.tr\/wp-content\/uploads\/2026\/02\/mahyaa.png 1168w\" sizes=\"auto, (max-width: 751px) 100vw, 751px\" \/><\/a><\/figure>\n\n\n\n<h2 class=\"wp-block-heading has-text-align-center\">Mahya Harc\u0131 Antrasit<\/h2>\n\n\n\n<p class=\"has-text-align-center\">\u00c7imento, polimer ve lif esasl\u0131 el ile uygulamabilen y\u00fcksek performansl\u0131 el s\u0131vas\u0131<\/p>\n<\/div>\n<\/div>\n\n\n\n<div class=\"wp-block-columns animated fadeInUp is-layout-flex wp-container-core-columns-is-layout-ff6c377e wp-block-columns-is-layout-flex\">\n<div class=\"wp-block-column animated fadeInUp is-layout-flow wp-block-column-is-layout-flow\">\n<figure class=\"wp-block-image aligncenter size-large is-resized\"><a href=\"https:\/\/www.powermixxx.com.tr\/?page_id=665\"><img loading=\"lazy\" decoding=\"async\" width=\"765\" height=\"1024\" src=\"https:\/\/www.powermixxx.com.tr\/wp-content\/uploads\/2026\/02\/tesvgri-765x1024.png\" alt=\"\" class=\"wp-image-663\" style=\"width:312px;height:auto\" srcset=\"https:\/\/www.powermixxx.com.tr\/wp-content\/uploads\/2026\/02\/tesvgri-765x1024.png 765w, https:\/\/www.powermixxx.com.tr\/wp-content\/uploads\/2026\/02\/tesvgri-224x300.png 224w, https:\/\/www.powermixxx.com.tr\/wp-content\/uploads\/2026\/02\/tesvgri-768x1028.png 768w, https:\/\/www.powermixxx.com.tr\/wp-content\/uploads\/2026\/02\/tesvgri-1147x1536.png 1147w, https:\/\/www.powermixxx.com.tr\/wp-content\/uploads\/2026\/02\/tesvgri.png 1151w\" sizes=\"auto, (max-width: 765px) 100vw, 765px\" \/><\/a><\/figure>\n\n\n\n<h2 class=\"wp-block-heading has-text-align-center\">Kendinden Yay\u0131lan Tesviye \u015eap\u0131 Gri<\/h2>\n\n\n\n<p class=\"has-text-align-center\">10-100 mm aras\u0131nda uygulanabilen, \u00e7imento esasl\u0131, kendili\u011finden yay\u0131labilen elyaf takviyeli tesviye \u015fap\u0131<\/p>\n<\/div>\n\n\n\n<div class=\"wp-block-column animated fadeInUp is-layout-flow wp-block-column-is-layout-flow\">\n<figure class=\"wp-block-image aligncenter size-large is-resized\" style=\"margin-top:0;margin-right:var(--wp--preset--spacing--50);margin-bottom:0;margin-left:var(--wp--preset--spacing--50)\"><a href=\"https:\/\/www.powermixxx.com.tr\/?page_id=668\"><img loading=\"lazy\" decoding=\"async\" width=\"765\" height=\"1024\" src=\"https:\/\/www.powermixxx.com.tr\/wp-content\/uploads\/2026\/02\/tesvk-765x1024.png\" alt=\"\" class=\"wp-image-664\" style=\"aspect-ratio:0.7462428744169978;width:306px;height:auto\" srcset=\"https:\/\/www.powermixxx.com.tr\/wp-content\/uploads\/2026\/02\/tesvk-765x1024.png 765w, https:\/\/www.powermixxx.com.tr\/wp-content\/uploads\/2026\/02\/tesvk-224x300.png 224w, https:\/\/www.powermixxx.com.tr\/wp-content\/uploads\/2026\/02\/tesvk-768x1028.png 768w, https:\/\/www.powermixxx.com.tr\/wp-content\/uploads\/2026\/02\/tesvk-1147x1536.png 1147w, https:\/\/www.powermixxx.com.tr\/wp-content\/uploads\/2026\/02\/tesvk.png 1151w\" sizes=\"auto, (max-width: 765px) 100vw, 765px\" \/><\/a><\/figure>\n\n\n\n<h2 class=\"wp-block-heading has-text-align-center\">Kendinden Yay\u0131lan Tesviye \u015eap\u0131 K\u0131rm\u0131z\u0131<\/h2>\n\n\n\n<p class=\"has-text-align-center\">10-100 mm aras\u0131nda uygulanabilen, \u00e7imento esasl\u0131, kendili\u011finden yay\u0131labilen elyaf takviyeli tesviye \u015fap\u0131<\/p>\n<\/div>\n<\/div>\n\n\n\n<div class=\"wp-block-columns animated fadeInUp is-layout-flex wp-container-core-columns-is-layout-ff6c377e wp-block-columns-is-layout-flex\">\n<div class=\"wp-block-column animated fadeInUp is-layout-flow wp-block-column-is-layout-flow\">\n<figure class=\"wp-block-image aligncenter size-large is-resized\"><a href=\"https:\/\/www.powermixxx.com.tr\/?page_id=366\"><img loading=\"lazy\" decoding=\"async\" width=\"765\" height=\"1024\" src=\"http:\/\/www.powermixxx.com.tr\/wp-content\/uploads\/2026\/02\/gazb-765x1024.png\" alt=\"\" class=\"wp-image-328\" style=\"width:312px;height:auto\" srcset=\"https:\/\/www.powermixxx.com.tr\/wp-content\/uploads\/2026\/02\/gazb-765x1024.png 765w, https:\/\/www.powermixxx.com.tr\/wp-content\/uploads\/2026\/02\/gazb-224x300.png 224w, https:\/\/www.powermixxx.com.tr\/wp-content\/uploads\/2026\/02\/gazb-768x1029.png 768w, https:\/\/www.powermixxx.com.tr\/wp-content\/uploads\/2026\/02\/gazb-1147x1536.png 1147w, https:\/\/www.powermixxx.com.tr\/wp-content\/uploads\/2026\/02\/gazb.png 1214w\" sizes=\"auto, (max-width: 765px) 100vw, 765px\" \/><\/a><\/figure>\n\n\n\n<h2 class=\"wp-block-heading has-text-align-center\">Gaz Beton Yap\u0131\u015ft\u0131rma Harc\u0131<\/h2>\n\n\n\n<p class=\"has-text-align-center\">\u00c7imento esasl\u0131, polimer katk\u0131l\u0131 yap\u0131\u015fma g\u00fcc\u00fc artt\u0131r\u0131lm\u0131\u015f, su emicili\u011fi y\u00fcksek<br>kullan\u0131ma haz\u0131r, gaz beton yap\u0131\u015ft\u0131rma harc\u0131d\u0131r.<\/p>\n\n\n\n<p class=\"has-text-align-center\"><\/p>\n<\/div>\n<\/div>\n","protected":false},"excerpt":{"rendered":"<p>Mahya Harc\u0131 K\u0131rm\u0131z\u0131 \u00c7imento esasl\u0131, polimer katk\u0131l\u0131, y\u00fcksek performansl\u0131 gaz beton yap\u0131\u015ft\u0131r\u0131c\u0131 Mahya Harc\u0131 Antrasit \u00c7imento, polimer ve lif esasl\u0131 [&hellip;]<\/p>\n","protected":false},"author":1,"featured_media":0,"parent":0,"menu_order":0,"comment_status":"closed","ping_status":"closed","template":"","meta":{"site-sidebar-layout":"default","site-content-layout":"","ast-site-content-layout":"default","site-content-style":"default","site-sidebar-style":"default","ast-global-header-display":"","ast-banner-title-visibility":"","ast-main-header-display":"","ast-hfb-above-header-display":"","ast-hfb-below-header-display":"","ast-hfb-mobile-header-display":"","site-post-title":"","ast-breadcrumbs-content":"","ast-featured-img":"","footer-sml-layout":"","ast-disable-related-posts":"","theme-transparent-header-meta":"","adv-header-id-meta":"","stick-header-meta":"","header-above-stick-meta":"","header-main-stick-meta":"","header-below-stick-meta":"","astra-migrate-meta-layouts":"default","ast-page-background-enabled":"default","ast-page-background-meta":{"desktop":{"background-color":"var(--ast-global-color-5)","background-image":"","background-repeat":"repeat","background-position":"center center","background-size":"auto","background-attachment":"scroll","background-type":"","background-media":"","overlay-type":"","overlay-color":"","overlay-opacity":"","overlay-gradient":""},"tablet":{"background-color":"","background-image":"","background-repeat":"repeat","background-position":"center center","background-size":"auto","background-attachment":"scroll","background-type":"","background-media":"","overlay-type":"","overlay-color":"","overlay-opacity":"","overlay-gradient":""},"mobile":{"background-color":"","background-image":"","background-repeat":"repeat","background-position":"center center","background-size":"auto","background-attachment":"scroll","background-type":"","background-media":"","overlay-type":"","overlay-color":"","overlay-opacity":"","overlay-gradient":""}},"ast-content-background-meta":{"desktop":{"background-color":"var(--ast-global-color-4)","background-image":"","background-repeat":"repeat","background-position":"center center","background-size":"auto","background-attachment":"scroll","background-type":"","background-media":"","overlay-type":"","overlay-color":"","overlay-opacity":"","overlay-gradient":""},"tablet":{"background-color":"var(--ast-global-color-4)","background-image":"","background-repeat":"repeat","background-position":"center center","background-size":"auto","background-attachment":"scroll","background-type":"","background-media":"","overlay-type":"","overlay-color":"","overlay-opacity":"","overlay-gradient":""},"mobile":{"background-color":"var(--ast-global-color-4)","background-image":"","background-repeat":"repeat","background-position":"center center","background-size":"auto","background-attachment":"scroll","background-type":"","background-media":"","overlay-type":"","overlay-color":"","overlay-opacity":"","overlay-gradient":""}},"footnotes":""},"class_list":["post-93","page","type-page","status-publish","hentry"],"yoast_head":"<!-- This site is optimized with the Yoast SEO plugin v27.5 - https:\/\/yoast.com\/product\/yoast-seo-wordpress\/ -->\n<title>Teknik \u00dcr\u00fcnler - POWERMIXXX<\/title>\n<meta name=\"robots\" content=\"index, follow, max-snippet:-1, max-image-preview:large, max-video-preview:-1\" \/>\n<link rel=\"canonical\" href=\"https:\/\/www.powermixxx.com.tr\/?page_id=93\" \/>\n<meta property=\"og:locale\" content=\"tr_TR\" \/>\n<meta property=\"og:type\" content=\"article\" \/>\n<meta property=\"og:title\" content=\"Teknik \u00dcr\u00fcnler - POWERMIXXX\" \/>\n<meta property=\"og:description\" content=\"Mahya Harc\u0131 K\u0131rm\u0131z\u0131 \u00c7imento esasl\u0131, polimer katk\u0131l\u0131, y\u00fcksek performansl\u0131 gaz beton yap\u0131\u015ft\u0131r\u0131c\u0131 Mahya Harc\u0131 Antrasit \u00c7imento, polimer ve lif esasl\u0131 [&hellip;]\" \/>\n<meta property=\"og:url\" content=\"https:\/\/www.powermixxx.com.tr\/?page_id=93\" \/>\n<meta property=\"og:site_name\" content=\"POWERMIXXX\" \/>\n<meta property=\"article:modified_time\" content=\"2026-02-18T20:40:20+00:00\" \/>\n<meta property=\"og:image\" content=\"https:\/\/www.powermixxx.com.tr\/wp-content\/uploads\/2026\/02\/mahyak.png\" \/>\n\t<meta property=\"og:image:width\" content=\"1168\" \/>\n\t<meta property=\"og:image:height\" content=\"1593\" \/>\n\t<meta property=\"og:image:type\" content=\"image\/png\" \/>\n<meta name=\"twitter:card\" content=\"summary_large_image\" \/>\n<meta name=\"twitter:label1\" content=\"Tahmini okuma s\u00fcresi\" \/>\n\t<meta name=\"twitter:data1\" content=\"2 dakika\" \/>\n<script type=\"application\/ld+json\" class=\"yoast-schema-graph\">{\"@context\":\"https:\\\/\\\/schema.org\",\"@graph\":[{\"@type\":\"WebPage\",\"@id\":\"https:\\\/\\\/www.powermixxx.com.tr\\\/?page_id=93\",\"url\":\"https:\\\/\\\/www.powermixxx.com.tr\\\/?page_id=93\",\"name\":\"Teknik \u00dcr\u00fcnler - POWERMIXXX\",\"isPartOf\":{\"@id\":\"https:\\\/\\\/www.powermixxx.com.tr\\\/#website\"},\"primaryImageOfPage\":{\"@id\":\"https:\\\/\\\/www.powermixxx.com.tr\\\/?page_id=93#primaryimage\"},\"image\":{\"@id\":\"https:\\\/\\\/www.powermixxx.com.tr\\\/?page_id=93#primaryimage\"},\"thumbnailUrl\":\"https:\\\/\\\/www.powermixxx.com.tr\\\/wp-content\\\/uploads\\\/2026\\\/02\\\/mahyak-751x1024.png\",\"datePublished\":\"2026-02-01T18:24:52+00:00\",\"dateModified\":\"2026-02-18T20:40:20+00:00\",\"breadcrumb\":{\"@id\":\"https:\\\/\\\/www.powermixxx.com.tr\\\/?page_id=93#breadcrumb\"},\"inLanguage\":\"tr\",\"potentialAction\":[{\"@type\":\"ReadAction\",\"target\":[\"https:\\\/\\\/www.powermixxx.com.tr\\\/?page_id=93\"]}]},{\"@type\":\"ImageObject\",\"inLanguage\":\"tr\",\"@id\":\"https:\\\/\\\/www.powermixxx.com.tr\\\/?page_id=93#primaryimage\",\"url\":\"https:\\\/\\\/www.powermixxx.com.tr\\\/wp-content\\\/uploads\\\/2026\\\/02\\\/mahyak.png\",\"contentUrl\":\"https:\\\/\\\/www.powermixxx.com.tr\\\/wp-content\\\/uploads\\\/2026\\\/02\\\/mahyak.png\",\"width\":1168,\"height\":1593},{\"@type\":\"BreadcrumbList\",\"@id\":\"https:\\\/\\\/www.powermixxx.com.tr\\\/?page_id=93#breadcrumb\",\"itemListElement\":[{\"@type\":\"ListItem\",\"position\":1,\"name\":\"Anasayfa\",\"item\":\"https:\\\/\\\/www.powermixxx.com.tr\\\/\"},{\"@type\":\"ListItem\",\"position\":2,\"name\":\"Teknik \u00dcr\u00fcnler\"}]},{\"@type\":\"WebSite\",\"@id\":\"https:\\\/\\\/www.powermixxx.com.tr\\\/#website\",\"url\":\"https:\\\/\\\/www.powermixxx.com.tr\\\/\",\"name\":\"POWERMIXXX\",\"description\":\"POWERMIXXX\",\"publisher\":{\"@id\":\"https:\\\/\\\/www.powermixxx.com.tr\\\/#organization\"},\"potentialAction\":[{\"@type\":\"SearchAction\",\"target\":{\"@type\":\"EntryPoint\",\"urlTemplate\":\"https:\\\/\\\/www.powermixxx.com.tr\\\/?s={search_term_string}\"},\"query-input\":{\"@type\":\"PropertyValueSpecification\",\"valueRequired\":true,\"valueName\":\"search_term_string\"}}],\"inLanguage\":\"tr\"},{\"@type\":\"Organization\",\"@id\":\"https:\\\/\\\/www.powermixxx.com.tr\\\/#organization\",\"name\":\"POWERMIXXX\",\"url\":\"https:\\\/\\\/www.powermixxx.com.tr\\\/\",\"logo\":{\"@type\":\"ImageObject\",\"inLanguage\":\"tr\",\"@id\":\"https:\\\/\\\/www.powermixxx.com.tr\\\/#\\\/schema\\\/logo\\\/image\\\/\",\"url\":\"https:\\\/\\\/www.powermixxx.com.tr\\\/wp-content\\\/uploads\\\/2026\\\/02\\\/cropped-powermix.png\",\"contentUrl\":\"https:\\\/\\\/www.powermixxx.com.tr\\\/wp-content\\\/uploads\\\/2026\\\/02\\\/cropped-powermix.png\",\"width\":1660,\"height\":285,\"caption\":\"POWERMIXXX\"},\"image\":{\"@id\":\"https:\\\/\\\/www.powermixxx.com.tr\\\/#\\\/schema\\\/logo\\\/image\\\/\"}}]}<\/script>\n<!-- \/ Yoast SEO plugin. -->","yoast_head_json":{"title":"Teknik \u00dcr\u00fcnler - POWERMIXXX","robots":{"index":"index","follow":"follow","max-snippet":"max-snippet:-1","max-image-preview":"max-image-preview:large","max-video-preview":"max-video-preview:-1"},"canonical":"https:\/\/www.powermixxx.com.tr\/?page_id=93","og_locale":"tr_TR","og_type":"article","og_title":"Teknik \u00dcr\u00fcnler - POWERMIXXX","og_description":"Mahya Harc\u0131 K\u0131rm\u0131z\u0131 \u00c7imento esasl\u0131, polimer katk\u0131l\u0131, y\u00fcksek performansl\u0131 gaz beton yap\u0131\u015ft\u0131r\u0131c\u0131 Mahya Harc\u0131 Antrasit \u00c7imento, polimer ve lif esasl\u0131 [&hellip;]","og_url":"https:\/\/www.powermixxx.com.tr\/?page_id=93","og_site_name":"POWERMIXXX","article_modified_time":"2026-02-18T20:40:20+00:00","og_image":[{"width":1168,"height":1593,"url":"https:\/\/www.powermixxx.com.tr\/wp-content\/uploads\/2026\/02\/mahyak.png","type":"image\/png"}],"twitter_card":"summary_large_image","twitter_misc":{"Tahmini okuma s\u00fcresi":"2 dakika"},"schema":{"@context":"https:\/\/schema.org","@graph":[{"@type":"WebPage","@id":"https:\/\/www.powermixxx.com.tr\/?page_id=93","url":"https:\/\/www.powermixxx.com.tr\/?page_id=93","name":"Teknik \u00dcr\u00fcnler - POWERMIXXX","isPartOf":{"@id":"https:\/\/www.powermixxx.com.tr\/#website"},"primaryImageOfPage":{"@id":"https:\/\/www.powermixxx.com.tr\/?page_id=93#primaryimage"},"image":{"@id":"https:\/\/www.powermixxx.com.tr\/?page_id=93#primaryimage"},"thumbnailUrl":"https:\/\/www.powermixxx.com.tr\/wp-content\/uploads\/2026\/02\/mahyak-751x1024.png","datePublished":"2026-02-01T18:24:52+00:00","dateModified":"2026-02-18T20:40:20+00:00","breadcrumb":{"@id":"https:\/\/www.powermixxx.com.tr\/?page_id=93#breadcrumb"},"inLanguage":"tr","potentialAction":[{"@type":"ReadAction","target":["https:\/\/www.powermixxx.com.tr\/?page_id=93"]}]},{"@type":"ImageObject","inLanguage":"tr","@id":"https:\/\/www.powermixxx.com.tr\/?page_id=93#primaryimage","url":"https:\/\/www.powermixxx.com.tr\/wp-content\/uploads\/2026\/02\/mahyak.png","contentUrl":"https:\/\/www.powermixxx.com.tr\/wp-content\/uploads\/2026\/02\/mahyak.png","width":1168,"height":1593},{"@type":"BreadcrumbList","@id":"https:\/\/www.powermixxx.com.tr\/?page_id=93#breadcrumb","itemListElement":[{"@type":"ListItem","position":1,"name":"Anasayfa","item":"https:\/\/www.powermixxx.com.tr\/"},{"@type":"ListItem","position":2,"name":"Teknik \u00dcr\u00fcnler"}]},{"@type":"WebSite","@id":"https:\/\/www.powermixxx.com.tr\/#website","url":"https:\/\/www.powermixxx.com.tr\/","name":"POWERMIXXX","description":"POWERMIXXX","publisher":{"@id":"https:\/\/www.powermixxx.com.tr\/#organization"},"potentialAction":[{"@type":"SearchAction","target":{"@type":"EntryPoint","urlTemplate":"https:\/\/www.powermixxx.com.tr\/?s={search_term_string}"},"query-input":{"@type":"PropertyValueSpecification","valueRequired":true,"valueName":"search_term_string"}}],"inLanguage":"tr"},{"@type":"Organization","@id":"https:\/\/www.powermixxx.com.tr\/#organization","name":"POWERMIXXX","url":"https:\/\/www.powermixxx.com.tr\/","logo":{"@type":"ImageObject","inLanguage":"tr","@id":"https:\/\/www.powermixxx.com.tr\/#\/schema\/logo\/image\/","url":"https:\/\/www.powermixxx.com.tr\/wp-content\/uploads\/2026\/02\/cropped-powermix.png","contentUrl":"https:\/\/www.powermixxx.com.tr\/wp-content\/uploads\/2026\/02\/cropped-powermix.png","width":1660,"height":285,"caption":"POWERMIXXX"},"image":{"@id":"https:\/\/www.powermixxx.com.tr\/#\/schema\/logo\/image\/"}}]}},"_links":{"self":[{"href":"https:\/\/www.powermixxx.com.tr\/index.php?rest_route=\/wp\/v2\/pages\/93","targetHints":{"allow":["GET"]}}],"collection":[{"href":"https:\/\/www.powermixxx.com.tr\/index.php?rest_route=\/wp\/v2\/pages"}],"about":[{"href":"https:\/\/www.powermixxx.com.tr\/index.php?rest_route=\/wp\/v2\/types\/page"}],"author":[{"embeddable":true,"href":"https:\/\/www.powermixxx.com.tr\/index.php?rest_route=\/wp\/v2\/users\/1"}],"replies":[{"embeddable":true,"href":"https:\/\/www.powermixxx.com.tr\/index.php?rest_route=%2Fwp%2Fv2%2Fcomments&post=93"}],"version-history":[{"count":9,"href":"https:\/\/www.powermixxx.com.tr\/index.php?rest_route=\/wp\/v2\/pages\/93\/revisions"}],"predecessor-version":[{"id":673,"href":"https:\/\/www.powermixxx.com.tr\/index.php?rest_route=\/wp\/v2\/pages\/93\/revisions\/673"}],"wp:attachment":[{"href":"https:\/\/www.powermixxx.com.tr\/index.php?rest_route=%2Fwp%2Fv2%2Fmedia&parent=93"}],"curies":[{"name":"wp","href":"https:\/\/api.w.org\/{rel}","templated":true}]}}