{"id":85,"date":"2026-02-01T18:24:52","date_gmt":"2026-02-01T18:24:52","guid":{"rendered":"http:\/\/www.powermixxx.com.tr\/?page_id=85"},"modified":"2026-02-18T19:56:47","modified_gmt":"2026-02-18T19:56:47","slug":"boya-ve-kaplamalar","status":"publish","type":"page","link":"https:\/\/www.powermixxx.com.tr\/?page_id=85","title":{"rendered":"DI\u015e CEPHE SIVA \u00dcR\u00dcNLER\u0130"},"content":{"rendered":"\n<div class=\"wp-block-columns is-layout-flex wp-container-core-columns-is-layout-28f84493 wp-block-columns-is-layout-flex\">\n<div class=\"wp-block-column is-layout-flow wp-block-column-is-layout-flow\">\n<figure class=\"wp-block-image aligncenter size-large is-resized\"><a href=\"https:\/\/www.powermixxx.com.tr\/?page_id=604\"><img loading=\"lazy\" decoding=\"async\" width=\"580\" height=\"1024\" src=\"https:\/\/www.powermixxx.com.tr\/wp-content\/uploads\/2026\/02\/TMR1-1-580x1024.png\" alt=\"\" class=\"wp-image-601\" style=\"aspect-ratio:0.5664198791592205;width:236px;height:auto\" srcset=\"https:\/\/www.powermixxx.com.tr\/wp-content\/uploads\/2026\/02\/TMR1-1-580x1024.png 580w, https:\/\/www.powermixxx.com.tr\/wp-content\/uploads\/2026\/02\/TMR1-1-170x300.png 170w, https:\/\/www.powermixxx.com.tr\/wp-content\/uploads\/2026\/02\/TMR1-1-768x1356.png 768w, https:\/\/www.powermixxx.com.tr\/wp-content\/uploads\/2026\/02\/TMR1-1.png 815w\" sizes=\"auto, (max-width: 580px) 100vw, 580px\" \/><\/a><\/figure>\n\n\n\n<h2 class=\"wp-block-heading has-text-align-center\">Tamir Harc\u0131<\/h2>\n\n\n\n<p class=\"has-text-align-center\">Polimer takviyeli, \u00e7imento esasl\u0131 y\u00fczey tamir harc\u0131d\u0131r.<\/p>\n<\/div>\n\n\n\n<div class=\"wp-block-column animated fadeInUp is-layout-flow wp-block-column-is-layout-flow\">\n<figure class=\"wp-block-image aligncenter size-large is-resized\" style=\"margin-top:0;margin-right:var(--wp--preset--spacing--50);margin-bottom:0;margin-left:var(--wp--preset--spacing--50)\"><a href=\"https:\/\/www.powermixxx.com.tr\/?page_id=608\"><img loading=\"lazy\" decoding=\"async\" width=\"581\" height=\"1024\" src=\"https:\/\/www.powermixxx.com.tr\/wp-content\/uploads\/2026\/02\/TMR2-1-581x1024.png\" alt=\"\" class=\"wp-image-602\" style=\"aspect-ratio:0.7462428744169978;width:304px;height:auto\" srcset=\"https:\/\/www.powermixxx.com.tr\/wp-content\/uploads\/2026\/02\/TMR2-1-581x1024.png 581w, https:\/\/www.powermixxx.com.tr\/wp-content\/uploads\/2026\/02\/TMR2-1-170x300.png 170w, https:\/\/www.powermixxx.com.tr\/wp-content\/uploads\/2026\/02\/TMR2-1-768x1354.png 768w, https:\/\/www.powermixxx.com.tr\/wp-content\/uploads\/2026\/02\/TMR2-1.png 816w\" sizes=\"auto, (max-width: 581px) 100vw, 581px\" \/><\/a><\/figure>\n\n\n\n<h2 class=\"wp-block-heading has-text-align-center\">Tamir Harc\u0131<\/h2>\n\n\n\n<p class=\"has-text-align-center\">Polimer takviyeli, \u00e7imento esasl\u0131 y\u00fczey tamir harc\u0131d\u0131r.<\/p>\n<\/div>\n<\/div>\n\n\n\n<div class=\"wp-block-columns is-layout-flex wp-container-core-columns-is-layout-28f84493 wp-block-columns-is-layout-flex\">\n<div class=\"wp-block-column is-layout-flow wp-block-column-is-layout-flow\">\n<figure class=\"wp-block-image aligncenter size-large is-resized\"><a href=\"https:\/\/www.powermixxx.com.tr\/?page_id=615\"><img loading=\"lazy\" decoding=\"async\" width=\"580\" height=\"1024\" src=\"https:\/\/www.powermixxx.com.tr\/wp-content\/uploads\/2026\/02\/tmrgri-580x1024.png\" alt=\"\" class=\"wp-image-613\" style=\"aspect-ratio:0.5664198791592205;width:236px;height:auto\" srcset=\"https:\/\/www.powermixxx.com.tr\/wp-content\/uploads\/2026\/02\/tmrgri-580x1024.png 580w, https:\/\/www.powermixxx.com.tr\/wp-content\/uploads\/2026\/02\/tmrgri-170x300.png 170w, https:\/\/www.powermixxx.com.tr\/wp-content\/uploads\/2026\/02\/tmrgri-768x1356.png 768w, https:\/\/www.powermixxx.com.tr\/wp-content\/uploads\/2026\/02\/tmrgri.png 815w\" sizes=\"auto, (max-width: 580px) 100vw, 580px\" \/><\/a><\/figure>\n\n\n\n<h2 class=\"wp-block-heading has-text-align-center\">Tamir Harc\u0131<\/h2>\n\n\n\n<p class=\"has-text-align-center\">Boya \u00f6ncesi d\u00fczg\u00fcn, p\u00fcr\u00fczs\u00fcz y\u00fczey olu\u015fturulmas\u0131n\u0131 sa\u011flayan, \u00e7imento esasl\u0131, polimer takviyeli dolgu ve tamir harc\u0131d\u0131r.<\/p>\n<\/div>\n\n\n\n<div class=\"wp-block-column animated fadeInUp is-layout-flow wp-block-column-is-layout-flow\">\n<figure class=\"wp-block-image aligncenter size-large is-resized\" style=\"margin-top:0;margin-right:var(--wp--preset--spacing--50);margin-bottom:0;margin-left:var(--wp--preset--spacing--50)\"><a href=\"https:\/\/www.powermixxx.com.tr\/?page_id=620\"><img loading=\"lazy\" decoding=\"async\" width=\"580\" height=\"1024\" src=\"https:\/\/www.powermixxx.com.tr\/wp-content\/uploads\/2026\/02\/tmrgrkln-580x1024.png\" alt=\"\" class=\"wp-image-614\" style=\"aspect-ratio:0.7462428744169978;width:304px;height:auto\" srcset=\"https:\/\/www.powermixxx.com.tr\/wp-content\/uploads\/2026\/02\/tmrgrkln-580x1024.png 580w, https:\/\/www.powermixxx.com.tr\/wp-content\/uploads\/2026\/02\/tmrgrkln-170x300.png 170w, https:\/\/www.powermixxx.com.tr\/wp-content\/uploads\/2026\/02\/tmrgrkln-768x1356.png 768w, https:\/\/www.powermixxx.com.tr\/wp-content\/uploads\/2026\/02\/tmrgrkln.png 815w\" sizes=\"auto, (max-width: 580px) 100vw, 580px\" \/><\/a><\/figure>\n\n\n\n<h2 class=\"wp-block-heading has-text-align-center\">Tamir Harc\u0131<\/h2>\n\n\n\n<p class=\"has-text-align-center\">Polimer takviyeli, \u00e7imento esasl\u0131 y\u00fczey tamir harc\u0131d\u0131r.<\/p>\n<\/div>\n<\/div>\n\n\n\n<div class=\"wp-block-columns is-layout-flex wp-container-core-columns-is-layout-28f84493 wp-block-columns-is-layout-flex\">\n<div class=\"wp-block-column is-layout-flow wp-block-column-is-layout-flow\">\n<figure class=\"wp-block-image aligncenter size-large is-resized\"><a href=\"https:\/\/www.powermixxx.com.tr\/?page_id=630\"><img loading=\"lazy\" decoding=\"async\" width=\"878\" height=\"1024\" src=\"https:\/\/www.powermixxx.com.tr\/wp-content\/uploads\/2026\/02\/ss-878x1024.png\" alt=\"\" class=\"wp-image-628\" style=\"aspect-ratio:0.5664198791592205;object-fit:cover;width:250px\" srcset=\"https:\/\/www.powermixxx.com.tr\/wp-content\/uploads\/2026\/02\/ss-878x1024.png 878w, https:\/\/www.powermixxx.com.tr\/wp-content\/uploads\/2026\/02\/ss-257x300.png 257w, https:\/\/www.powermixxx.com.tr\/wp-content\/uploads\/2026\/02\/ss-768x896.png 768w, https:\/\/www.powermixxx.com.tr\/wp-content\/uploads\/2026\/02\/ss-1317x1536.png 1317w, https:\/\/www.powermixxx.com.tr\/wp-content\/uploads\/2026\/02\/ss.png 1329w\" sizes=\"auto, (max-width: 878px) 100vw, 878px\" \/><\/a><\/figure>\n\n\n\n<h2 class=\"wp-block-heading has-text-align-center\">Haz\u0131r El S\u0131vas\u0131 Duayen<\/h2>\n\n\n\n<p class=\"has-text-align-center\">Boya \u00f6ncesi d\u00fczg\u00fcn, p\u00fcr\u00fczs\u00fcz y\u00fczey olu\u015fturulmas\u0131n\u0131 sa\u011flayan, \u00e7imento esasl\u0131, polimer takviyeli dolgu ve tamir harc\u0131d\u0131r.<\/p>\n<\/div>\n\n\n\n<div class=\"wp-block-column animated fadeInUp is-layout-flow wp-block-column-is-layout-flow\">\n<figure class=\"wp-block-image aligncenter size-large is-resized\" style=\"margin-top:0;margin-right:var(--wp--preset--spacing--50);margin-bottom:0;margin-left:var(--wp--preset--spacing--50)\"><a href=\"https:\/\/www.powermixxx.com.tr\/?page_id=638\"><img loading=\"lazy\" decoding=\"async\" width=\"877\" height=\"1024\" src=\"https:\/\/www.powermixxx.com.tr\/wp-content\/uploads\/2026\/02\/ss1-877x1024.png\" alt=\"\" class=\"wp-image-629\" style=\"aspect-ratio:0.7462428744169978;object-fit:cover;width:330px\" srcset=\"https:\/\/www.powermixxx.com.tr\/wp-content\/uploads\/2026\/02\/ss1-877x1024.png 877w, https:\/\/www.powermixxx.com.tr\/wp-content\/uploads\/2026\/02\/ss1-257x300.png 257w, https:\/\/www.powermixxx.com.tr\/wp-content\/uploads\/2026\/02\/ss1-768x896.png 768w, https:\/\/www.powermixxx.com.tr\/wp-content\/uploads\/2026\/02\/ss1-1316x1536.png 1316w, https:\/\/www.powermixxx.com.tr\/wp-content\/uploads\/2026\/02\/ss1.png 1447w\" sizes=\"auto, (max-width: 877px) 100vw, 877px\" \/><\/a><\/figure>\n\n\n\n<h2 class=\"wp-block-heading has-text-align-center\">Haz\u0131r S\u0131va Makine S\u0131vas\u0131 Duayen<\/h2>\n\n\n\n<p class=\"has-text-align-center\">\u00c7imento esasl\u0131, makine veya elle uygulanabilen haz\u0131r makine s\u0131vas\u0131.<\/p>\n<\/div>\n<\/div>\n\n\n\n<div class=\"wp-block-columns is-layout-flex wp-container-core-columns-is-layout-28f84493 wp-block-columns-is-layout-flex\">\n<div class=\"wp-block-column is-layout-flow wp-block-column-is-layout-flow\">\n<figure class=\"wp-block-image aligncenter size-large is-resized\"><a href=\"https:\/\/www.powermixxx.com.tr\/?page_id=645\"><img loading=\"lazy\" decoding=\"async\" width=\"763\" height=\"1024\" src=\"https:\/\/www.powermixxx.com.tr\/wp-content\/uploads\/2026\/02\/saten-763x1024.png\" alt=\"\" class=\"wp-image-644\" style=\"aspect-ratio:0.5664198791592205;object-fit:cover;width:250px\" srcset=\"https:\/\/www.powermixxx.com.tr\/wp-content\/uploads\/2026\/02\/saten-763x1024.png 763w, https:\/\/www.powermixxx.com.tr\/wp-content\/uploads\/2026\/02\/saten-224x300.png 224w, https:\/\/www.powermixxx.com.tr\/wp-content\/uploads\/2026\/02\/saten-768x1031.png 768w, https:\/\/www.powermixxx.com.tr\/wp-content\/uploads\/2026\/02\/saten.png 1079w\" sizes=\"auto, (max-width: 763px) 100vw, 763px\" \/><\/a><\/figure>\n\n\n\n<h2 class=\"wp-block-heading has-text-align-center\">Haz\u0131r S\u0131va (Saten S\u0131va)<\/h2>\n\n\n\n<p class=\"has-text-align-center\">\u00a0\u00c7imento esasl\u0131, organik polimer katk\u0131l\u0131, kimyasal katk\u0131lar sayesinde bekleme s\u00fcresi uzun, i\u015flenebilirli\u011fi m\u00fckemmel, hi\u00e7bir katk\u0131 ilavesi gerektirmeden, sadece su ile kar\u0131\u015fan ve son kat s\u0131vadan sonra y\u00fczeyi boyaya haz\u0131r (p\u00fcr\u00fczs\u00fcz cam gibi bir y\u00fczey) hale getiren, macun k\u0131vam\u0131nda haz\u0131r toz bir saten s\u0131vad\u0131r.\u00a0<\/p>\n<\/div>\n<\/div>\n","protected":false},"excerpt":{"rendered":"<p>Tamir Harc\u0131 Polimer takviyeli, \u00e7imento esasl\u0131 y\u00fczey tamir harc\u0131d\u0131r. Tamir Harc\u0131 Polimer takviyeli, \u00e7imento esasl\u0131 y\u00fczey tamir harc\u0131d\u0131r. Tamir Harc\u0131 [&hellip;]<\/p>\n","protected":false},"author":1,"featured_media":0,"parent":0,"menu_order":0,"comment_status":"closed","ping_status":"closed","template":"","meta":{"site-sidebar-layout":"default","site-content-layout":"","ast-site-content-layout":"default","site-content-style":"default","site-sidebar-style":"default","ast-global-header-display":"","ast-banner-title-visibility":"","ast-main-header-display":"","ast-hfb-above-header-display":"","ast-hfb-below-header-display":"","ast-hfb-mobile-header-display":"","site-post-title":"","ast-breadcrumbs-content":"","ast-featured-img":"","footer-sml-layout":"","ast-disable-related-posts":"","theme-transparent-header-meta":"","adv-header-id-meta":"","stick-header-meta":"","header-above-stick-meta":"","header-main-stick-meta":"","header-below-stick-meta":"","astra-migrate-meta-layouts":"default","ast-page-background-enabled":"default","ast-page-background-meta":{"desktop":{"background-color":"var(--ast-global-color-5)","background-image":"","background-repeat":"repeat","background-position":"center center","background-size":"auto","background-attachment":"scroll","background-type":"","background-media":"","overlay-type":"","overlay-color":"","overlay-opacity":"","overlay-gradient":""},"tablet":{"background-color":"","background-image":"","background-repeat":"repeat","background-position":"center center","background-size":"auto","background-attachment":"scroll","background-type":"","background-media":"","overlay-type":"","overlay-color":"","overlay-opacity":"","overlay-gradient":""},"mobile":{"background-color":"","background-image":"","background-repeat":"repeat","background-position":"center center","background-size":"auto","background-attachment":"scroll","background-type":"","background-media":"","overlay-type":"","overlay-color":"","overlay-opacity":"","overlay-gradient":""}},"ast-content-background-meta":{"desktop":{"background-color":"var(--ast-global-color-4)","background-image":"","background-repeat":"repeat","background-position":"center center","background-size":"auto","background-attachment":"scroll","background-type":"","background-media":"","overlay-type":"","overlay-color":"","overlay-opacity":"","overlay-gradient":""},"tablet":{"background-color":"var(--ast-global-color-4)","background-image":"","background-repeat":"repeat","background-position":"center center","background-size":"auto","background-attachment":"scroll","background-type":"","background-media":"","overlay-type":"","overlay-color":"","overlay-opacity":"","overlay-gradient":""},"mobile":{"background-color":"var(--ast-global-color-4)","background-image":"","background-repeat":"repeat","background-position":"center center","background-size":"auto","background-attachment":"scroll","background-type":"","background-media":"","overlay-type":"","overlay-color":"","overlay-opacity":"","overlay-gradient":""}},"footnotes":""},"class_list":["post-85","page","type-page","status-publish","hentry"],"yoast_head":"<!-- This site is optimized with the Yoast SEO plugin v27.5 - https:\/\/yoast.com\/product\/yoast-seo-wordpress\/ -->\n<title>DI\u015e CEPHE SIVA \u00dcR\u00dcNLER\u0130 - POWERMIXXX<\/title>\n<meta name=\"robots\" content=\"index, follow, max-snippet:-1, max-image-preview:large, max-video-preview:-1\" \/>\n<link rel=\"canonical\" href=\"https:\/\/www.powermixxx.com.tr\/?page_id=85\" \/>\n<meta property=\"og:locale\" content=\"tr_TR\" \/>\n<meta property=\"og:type\" content=\"article\" \/>\n<meta property=\"og:title\" content=\"DI\u015e CEPHE SIVA \u00dcR\u00dcNLER\u0130 - POWERMIXXX\" \/>\n<meta property=\"og:description\" content=\"Tamir Harc\u0131 Polimer takviyeli, \u00e7imento esasl\u0131 y\u00fczey tamir harc\u0131d\u0131r. Tamir Harc\u0131 Polimer takviyeli, \u00e7imento esasl\u0131 y\u00fczey tamir harc\u0131d\u0131r. Tamir Harc\u0131 [&hellip;]\" \/>\n<meta property=\"og:url\" content=\"https:\/\/www.powermixxx.com.tr\/?page_id=85\" \/>\n<meta property=\"og:site_name\" content=\"POWERMIXXX\" \/>\n<meta property=\"article:modified_time\" content=\"2026-02-18T19:56:47+00:00\" \/>\n<meta property=\"og:image\" content=\"https:\/\/www.powermixxx.com.tr\/wp-content\/uploads\/2026\/02\/TMR1-1.png\" \/>\n\t<meta property=\"og:image:width\" content=\"815\" \/>\n\t<meta property=\"og:image:height\" content=\"1439\" \/>\n\t<meta property=\"og:image:type\" content=\"image\/png\" \/>\n<meta name=\"twitter:card\" content=\"summary_large_image\" \/>\n<meta name=\"twitter:label1\" content=\"Tahmini okuma s\u00fcresi\" \/>\n\t<meta name=\"twitter:data1\" content=\"3 dakika\" \/>\n<script type=\"application\/ld+json\" class=\"yoast-schema-graph\">{\"@context\":\"https:\\\/\\\/schema.org\",\"@graph\":[{\"@type\":\"WebPage\",\"@id\":\"https:\\\/\\\/www.powermixxx.com.tr\\\/?page_id=85\",\"url\":\"https:\\\/\\\/www.powermixxx.com.tr\\\/?page_id=85\",\"name\":\"DI\u015e CEPHE SIVA \u00dcR\u00dcNLER\u0130 - POWERMIXXX\",\"isPartOf\":{\"@id\":\"https:\\\/\\\/www.powermixxx.com.tr\\\/#website\"},\"primaryImageOfPage\":{\"@id\":\"https:\\\/\\\/www.powermixxx.com.tr\\\/?page_id=85#primaryimage\"},\"image\":{\"@id\":\"https:\\\/\\\/www.powermixxx.com.tr\\\/?page_id=85#primaryimage\"},\"thumbnailUrl\":\"https:\\\/\\\/www.powermixxx.com.tr\\\/wp-content\\\/uploads\\\/2026\\\/02\\\/TMR1-1-580x1024.png\",\"datePublished\":\"2026-02-01T18:24:52+00:00\",\"dateModified\":\"2026-02-18T19:56:47+00:00\",\"breadcrumb\":{\"@id\":\"https:\\\/\\\/www.powermixxx.com.tr\\\/?page_id=85#breadcrumb\"},\"inLanguage\":\"tr\",\"potentialAction\":[{\"@type\":\"ReadAction\",\"target\":[\"https:\\\/\\\/www.powermixxx.com.tr\\\/?page_id=85\"]}]},{\"@type\":\"ImageObject\",\"inLanguage\":\"tr\",\"@id\":\"https:\\\/\\\/www.powermixxx.com.tr\\\/?page_id=85#primaryimage\",\"url\":\"https:\\\/\\\/www.powermixxx.com.tr\\\/wp-content\\\/uploads\\\/2026\\\/02\\\/TMR1-1.png\",\"contentUrl\":\"https:\\\/\\\/www.powermixxx.com.tr\\\/wp-content\\\/uploads\\\/2026\\\/02\\\/TMR1-1.png\",\"width\":815,\"height\":1439},{\"@type\":\"BreadcrumbList\",\"@id\":\"https:\\\/\\\/www.powermixxx.com.tr\\\/?page_id=85#breadcrumb\",\"itemListElement\":[{\"@type\":\"ListItem\",\"position\":1,\"name\":\"Anasayfa\",\"item\":\"https:\\\/\\\/www.powermixxx.com.tr\\\/\"},{\"@type\":\"ListItem\",\"position\":2,\"name\":\"DI\u015e CEPHE SIVA \u00dcR\u00dcNLER\u0130\"}]},{\"@type\":\"WebSite\",\"@id\":\"https:\\\/\\\/www.powermixxx.com.tr\\\/#website\",\"url\":\"https:\\\/\\\/www.powermixxx.com.tr\\\/\",\"name\":\"POWERMIXXX\",\"description\":\"POWERMIXXX\",\"publisher\":{\"@id\":\"https:\\\/\\\/www.powermixxx.com.tr\\\/#organization\"},\"potentialAction\":[{\"@type\":\"SearchAction\",\"target\":{\"@type\":\"EntryPoint\",\"urlTemplate\":\"https:\\\/\\\/www.powermixxx.com.tr\\\/?s={search_term_string}\"},\"query-input\":{\"@type\":\"PropertyValueSpecification\",\"valueRequired\":true,\"valueName\":\"search_term_string\"}}],\"inLanguage\":\"tr\"},{\"@type\":\"Organization\",\"@id\":\"https:\\\/\\\/www.powermixxx.com.tr\\\/#organization\",\"name\":\"POWERMIXXX\",\"url\":\"https:\\\/\\\/www.powermixxx.com.tr\\\/\",\"logo\":{\"@type\":\"ImageObject\",\"inLanguage\":\"tr\",\"@id\":\"https:\\\/\\\/www.powermixxx.com.tr\\\/#\\\/schema\\\/logo\\\/image\\\/\",\"url\":\"https:\\\/\\\/www.powermixxx.com.tr\\\/wp-content\\\/uploads\\\/2026\\\/02\\\/cropped-powermix.png\",\"contentUrl\":\"https:\\\/\\\/www.powermixxx.com.tr\\\/wp-content\\\/uploads\\\/2026\\\/02\\\/cropped-powermix.png\",\"width\":1660,\"height\":285,\"caption\":\"POWERMIXXX\"},\"image\":{\"@id\":\"https:\\\/\\\/www.powermixxx.com.tr\\\/#\\\/schema\\\/logo\\\/image\\\/\"}}]}<\/script>\n<!-- \/ Yoast SEO plugin. -->","yoast_head_json":{"title":"DI\u015e CEPHE SIVA \u00dcR\u00dcNLER\u0130 - POWERMIXXX","robots":{"index":"index","follow":"follow","max-snippet":"max-snippet:-1","max-image-preview":"max-image-preview:large","max-video-preview":"max-video-preview:-1"},"canonical":"https:\/\/www.powermixxx.com.tr\/?page_id=85","og_locale":"tr_TR","og_type":"article","og_title":"DI\u015e CEPHE SIVA \u00dcR\u00dcNLER\u0130 - POWERMIXXX","og_description":"Tamir Harc\u0131 Polimer takviyeli, \u00e7imento esasl\u0131 y\u00fczey tamir harc\u0131d\u0131r. Tamir Harc\u0131 Polimer takviyeli, \u00e7imento esasl\u0131 y\u00fczey tamir harc\u0131d\u0131r. Tamir Harc\u0131 [&hellip;]","og_url":"https:\/\/www.powermixxx.com.tr\/?page_id=85","og_site_name":"POWERMIXXX","article_modified_time":"2026-02-18T19:56:47+00:00","og_image":[{"width":815,"height":1439,"url":"https:\/\/www.powermixxx.com.tr\/wp-content\/uploads\/2026\/02\/TMR1-1.png","type":"image\/png"}],"twitter_card":"summary_large_image","twitter_misc":{"Tahmini okuma s\u00fcresi":"3 dakika"},"schema":{"@context":"https:\/\/schema.org","@graph":[{"@type":"WebPage","@id":"https:\/\/www.powermixxx.com.tr\/?page_id=85","url":"https:\/\/www.powermixxx.com.tr\/?page_id=85","name":"DI\u015e CEPHE SIVA \u00dcR\u00dcNLER\u0130 - POWERMIXXX","isPartOf":{"@id":"https:\/\/www.powermixxx.com.tr\/#website"},"primaryImageOfPage":{"@id":"https:\/\/www.powermixxx.com.tr\/?page_id=85#primaryimage"},"image":{"@id":"https:\/\/www.powermixxx.com.tr\/?page_id=85#primaryimage"},"thumbnailUrl":"https:\/\/www.powermixxx.com.tr\/wp-content\/uploads\/2026\/02\/TMR1-1-580x1024.png","datePublished":"2026-02-01T18:24:52+00:00","dateModified":"2026-02-18T19:56:47+00:00","breadcrumb":{"@id":"https:\/\/www.powermixxx.com.tr\/?page_id=85#breadcrumb"},"inLanguage":"tr","potentialAction":[{"@type":"ReadAction","target":["https:\/\/www.powermixxx.com.tr\/?page_id=85"]}]},{"@type":"ImageObject","inLanguage":"tr","@id":"https:\/\/www.powermixxx.com.tr\/?page_id=85#primaryimage","url":"https:\/\/www.powermixxx.com.tr\/wp-content\/uploads\/2026\/02\/TMR1-1.png","contentUrl":"https:\/\/www.powermixxx.com.tr\/wp-content\/uploads\/2026\/02\/TMR1-1.png","width":815,"height":1439},{"@type":"BreadcrumbList","@id":"https:\/\/www.powermixxx.com.tr\/?page_id=85#breadcrumb","itemListElement":[{"@type":"ListItem","position":1,"name":"Anasayfa","item":"https:\/\/www.powermixxx.com.tr\/"},{"@type":"ListItem","position":2,"name":"DI\u015e CEPHE SIVA \u00dcR\u00dcNLER\u0130"}]},{"@type":"WebSite","@id":"https:\/\/www.powermixxx.com.tr\/#website","url":"https:\/\/www.powermixxx.com.tr\/","name":"POWERMIXXX","description":"POWERMIXXX","publisher":{"@id":"https:\/\/www.powermixxx.com.tr\/#organization"},"potentialAction":[{"@type":"SearchAction","target":{"@type":"EntryPoint","urlTemplate":"https:\/\/www.powermixxx.com.tr\/?s={search_term_string}"},"query-input":{"@type":"PropertyValueSpecification","valueRequired":true,"valueName":"search_term_string"}}],"inLanguage":"tr"},{"@type":"Organization","@id":"https:\/\/www.powermixxx.com.tr\/#organization","name":"POWERMIXXX","url":"https:\/\/www.powermixxx.com.tr\/","logo":{"@type":"ImageObject","inLanguage":"tr","@id":"https:\/\/www.powermixxx.com.tr\/#\/schema\/logo\/image\/","url":"https:\/\/www.powermixxx.com.tr\/wp-content\/uploads\/2026\/02\/cropped-powermix.png","contentUrl":"https:\/\/www.powermixxx.com.tr\/wp-content\/uploads\/2026\/02\/cropped-powermix.png","width":1660,"height":285,"caption":"POWERMIXXX"},"image":{"@id":"https:\/\/www.powermixxx.com.tr\/#\/schema\/logo\/image\/"}}]}},"_links":{"self":[{"href":"https:\/\/www.powermixxx.com.tr\/index.php?rest_route=\/wp\/v2\/pages\/85","targetHints":{"allow":["GET"]}}],"collection":[{"href":"https:\/\/www.powermixxx.com.tr\/index.php?rest_route=\/wp\/v2\/pages"}],"about":[{"href":"https:\/\/www.powermixxx.com.tr\/index.php?rest_route=\/wp\/v2\/types\/page"}],"author":[{"embeddable":true,"href":"https:\/\/www.powermixxx.com.tr\/index.php?rest_route=\/wp\/v2\/users\/1"}],"replies":[{"embeddable":true,"href":"https:\/\/www.powermixxx.com.tr\/index.php?rest_route=%2Fwp%2Fv2%2Fcomments&post=85"}],"version-history":[{"count":18,"href":"https:\/\/www.powermixxx.com.tr\/index.php?rest_route=\/wp\/v2\/pages\/85\/revisions"}],"predecessor-version":[{"id":648,"href":"https:\/\/www.powermixxx.com.tr\/index.php?rest_route=\/wp\/v2\/pages\/85\/revisions\/648"}],"wp:attachment":[{"href":"https:\/\/www.powermixxx.com.tr\/index.php?rest_route=%2Fwp%2Fv2%2Fmedia&parent=85"}],"curies":[{"name":"wp","href":"https:\/\/api.w.org\/{rel}","templated":true}]}}