{"id":656,"date":"2026-02-18T20:10:57","date_gmt":"2026-02-18T20:10:57","guid":{"rendered":"https:\/\/www.powermixxx.com.tr\/?page_id=656"},"modified":"2026-02-18T20:11:19","modified_gmt":"2026-02-18T20:11:19","slug":"mahya-harci-antrasit","status":"publish","type":"page","link":"https:\/\/www.powermixxx.com.tr\/?page_id=656","title":{"rendered":"Mahya Harc\u0131 Antrasit"},"content":{"rendered":"\n<div class=\"wp-block-columns is-layout-flex wp-container-core-columns-is-layout-28f84493 wp-block-columns-is-layout-flex\">\n<div class=\"wp-block-column is-layout-flow wp-block-column-is-layout-flow\">\n<figure class=\"wp-block-image size-large is-resized\"><img loading=\"lazy\" decoding=\"async\" width=\"751\" height=\"1024\" src=\"https:\/\/www.powermixxx.com.tr\/wp-content\/uploads\/2026\/02\/mahyaa-1-751x1024.png\" alt=\"\" class=\"wp-image-658\" style=\"aspect-ratio:0.7462428744169978;width:410px;height:auto\" srcset=\"https:\/\/www.powermixxx.com.tr\/wp-content\/uploads\/2026\/02\/mahyaa-1-751x1024.png 751w, https:\/\/www.powermixxx.com.tr\/wp-content\/uploads\/2026\/02\/mahyaa-1-220x300.png 220w, https:\/\/www.powermixxx.com.tr\/wp-content\/uploads\/2026\/02\/mahyaa-1-768x1047.png 768w, https:\/\/www.powermixxx.com.tr\/wp-content\/uploads\/2026\/02\/mahyaa-1-1126x1536.png 1126w, https:\/\/www.powermixxx.com.tr\/wp-content\/uploads\/2026\/02\/mahyaa-1.png 1168w\" sizes=\"auto, (max-width: 751px) 100vw, 751px\" \/><\/figure>\n<\/div>\n\n\n\n<div class=\"wp-block-column is-layout-flow wp-block-column-is-layout-flow\">\n<p><br>\u00c7imento esasl\u0131, polimer katk\u0131l\u0131, \u00e7at\u0131 mahya kiremitlerinin montaj\u0131nda kullan\u0131lan yap\u0131\u015ft\u0131rma harc\u0131d\u0131r.<\/p>\n\n\n\n<h2 class=\"wp-block-heading has-large-font-size\">Kullan\u0131m Alanlar\u0131<\/h2>\n\n\n\n<ul class=\"wp-block-list\">\n<li>\u00c7at\u0131larda mahya kiremitlerinin yap\u0131\u015ft\u0131r\u0131lmas\u0131 ve renk g\u00f6r\u00fcn\u00fcm\u00fcn\u00fcn bozulmamas\u0131 amac\u0131 ile kullan\u0131l\u0131r.<\/li>\n\n\n\n<li>\u00c7at\u0131 tamirlerinde, baca ve baca kenarlar\u0131, \u00e7at\u0131 sa\u00e7ak ucu, tamirlerinde yap\u0131\u015ft\u0131rma harc\u0131 olarak kullan\u0131l\u0131r.<\/li>\n<\/ul>\n\n\n\n<h2 class=\"wp-block-heading has-large-font-size\">\u00d6zellikler<\/h2>\n\n\n\n<ul class=\"wp-block-list\">\n<li>Y\u00fcksek yap\u0131\u015fma mukavemetine sahiptir. Elyaf katk\u0131s\u0131yla \u00e7atlama yapmaz. Uzun \u00e7al\u0131\u015fma s\u00fcresi ve kolay uygulanabilirlik. Suya, neme ve dona dayan\u0131kl\u0131d\u0131r. Dayan\u0131kl\u0131 ve uzun \u00f6m\u00fcrl\u00fcd\u00fcr.<\/li>\n<\/ul>\n\n\n\n<details class=\"wp-block-details has-medium-font-size is-layout-flow wp-block-details-is-layout-flow\"><summary><strong>AMBALAJ<\/strong><\/summary>\n<p class=\"has-medium-font-size\">25 kg kraft torba \/ 5 kg polietilen torba<\/p>\n<\/details>\n\n\n\n<details class=\"wp-block-details has-medium-font-size is-layout-flow wp-block-details-is-layout-flow\"><summary><strong>UYGULAMA \u00d6NCES\u0130 HAZIRLIK<\/strong><\/summary>\n<p class=\"has-medium-font-size\">Uygulama y\u00fczeyi toz, ya\u011f, boya gibi yap\u0131\u015fmay\u0131 \u00f6nleyici maddelerden ar\u0131nd\u0131r\u0131lmal\u0131d\u0131r.<br>\u00c7atlak s\u0131valar, zay\u0131f y\u00fczeyler gibi uygulamay\u0131 ta\u015f\u0131yamayacak sa\u011flaml\u0131kta olan alt y\u00fczeyler, uygulama y\u00fczeyinden temizlenmelidir. Tamir gerektiren zeminler, yap\u0131\u015ft\u0131r\u0131c\u0131 uygulanmadan en az 3-4 g\u00fcn \u00f6nce, \u00f6zel Tamires tamir har\u00e7lar\u0131 ile tamir edilmelidir.<\/p>\n<\/details>\n\n\n\n<details class=\"wp-block-details has-medium-font-size is-layout-flow wp-block-details-is-layout-flow\"><summary><strong>UYGULAMA <\/strong><\/summary>\n<p class=\"has-medium-font-size\">25 kg, Mahya Yap\u0131\u015ft\u0131rma Harc\u0131 ile 5-6,5 litre su temiz bir kaba bo\u015falt\u0131larak, topaks\u0131z bir kar\u0131\u015f\u0131m elde edilinceye kadar, d\u00fc\u015f\u00fck devirli bir kar\u0131\u015ft\u0131r\u0131c\u0131 veya mala ile kar\u0131\u015ft\u0131r\u0131l\u0131r.<br>Kar\u0131\u015f\u0131m s\u00fcresince, uygulama talimat\u0131nda belirtilmeyen herhangi bir katk\u0131 malzemesi kat\u0131lmamal\u0131d\u0131r.<br>Haz\u0131rlanan har\u00e7 5-10 dk. olgunla\u015fmas\u0131 i\u00e7in dinlendirilip, tekrar 1-2 dk. homojen hale gelinceye kadar kar\u0131\u015ft\u0131r\u0131lmal\u0131d\u0131r. Kaptaki kar\u0131\u015f\u0131m 1-2 saat i\u00e7erisinde t\u00fcketilmelidir.<br>Mahyalar \u00e7at\u0131 omurgas\u0131na yerle\u015ftirilirken, mahya yap\u0131\u015ft\u0131r\u0131c\u0131s\u0131 ile girintilerinden birbirine yap\u0131\u015ft\u0131r\u0131l\u0131r<br>Mahya yanlar\u0131 yap\u0131\u015ft\u0131r\u0131c\u0131 ile bo\u015fluk kalmayacak \u015fekilde doldurulur. Bu uygulamadan 1 saat sonra nemli s\u00fcnger ile yap\u0131\u015ft\u0131r\u0131c\u0131ya son \u015fekli verilir. Uygulama yap\u0131ld\u0131ktan yakla\u015f\u0131k 48 saat sonra yap\u0131\u015ft\u0131rma ve donma tam ger\u00e7ekle\u015fti\u011finden bu s\u00fcre i\u00e7erisinde mahya kiremitlerine ve uygulanan y\u00fczeylere bas\u0131lmamal\u0131d\u0131r.<\/p>\n<\/details>\n\n\n\n<details class=\"wp-block-details has-large-font-size is-layout-flow wp-block-details-is-layout-flow\"><summary><strong>Profesyonel Bilgi<\/strong><\/summary>\n<p class=\"has-medium-font-size\">G\u00f6r\u00fcn\u00fcm: K\u0131rm\u0131z\u0131 ve Renkli Toz<\/p>\n\n\n\n<p class=\"has-medium-font-size\">Uygulama S\u0131cakl\u0131\u011f\u0131: +5\u00b0C ile +35\u00b0C <\/p>\n\n\n\n<p class=\"has-medium-font-size\">Su Kar\u0131\u015f\u0131m Oran\u0131: 5,0-6,0 Litre\/Torba <\/p>\n\n\n\n<p class=\"has-medium-font-size\">Harc\u0131n Dinlenme S\u00fcresi: 5-10 dk. <\/p>\n\n\n\n<p class=\"has-medium-font-size\">Kap \u00d6mr\u00fc: 1-2 saat<\/p>\n\n\n\n<p class=\"has-medium-font-size\">Kuruma S\u00fcresi: 24 saat<\/p>\n\n\n\n<p class=\"has-medium-font-size\">Ba\u011f Dayan\u0131m\u0131: 20,3 N\/mm2<\/p>\n\n\n\n<p class=\"has-medium-font-size\">Yang\u0131na Tepki: A1<\/p>\n\n\n\n<p class=\"has-medium-font-size\">S\u0131cakl\u0131k Dayan\u0131m\u0131: -25\u00b0C ile +70\u00b0C<br><\/p>\n\n\n\n<p class=\"has-medium-font-size\"><\/p>\n\n\n\n<p class=\"has-medium-font-size\"><\/p>\n\n\n\n<p class=\"has-medium-font-size\"><\/p>\n\n\n\n<p class=\"has-medium-font-size\"><\/p>\n<\/details>\n<\/div>\n<\/div>\n","protected":false},"excerpt":{"rendered":"<p>\u00c7imento esasl\u0131, polimer katk\u0131l\u0131, \u00e7at\u0131 mahya kiremitlerinin montaj\u0131nda kullan\u0131lan yap\u0131\u015ft\u0131rma harc\u0131d\u0131r. Kullan\u0131m Alanlar\u0131 \u00d6zellikler<\/p>\n","protected":false},"author":1,"featured_media":0,"parent":0,"menu_order":0,"comment_status":"closed","ping_status":"closed","template":"","meta":{"site-sidebar-layout":"default","site-content-layout":"","ast-site-content-layout":"default","site-content-style":"default","site-sidebar-style":"default","ast-global-header-display":"","ast-banner-title-visibility":"","ast-main-header-display":"","ast-hfb-above-header-display":"","ast-hfb-below-header-display":"","ast-hfb-mobile-header-display":"","site-post-title":"","ast-breadcrumbs-content":"","ast-featured-img":"","footer-sml-layout":"","ast-disable-related-posts":"","theme-transparent-header-meta":"","adv-header-id-meta":"","stick-header-meta":"","header-above-stick-meta":"","header-main-stick-meta":"","header-below-stick-meta":"","astra-migrate-meta-layouts":"default","ast-page-background-enabled":"default","ast-page-background-meta":{"desktop":{"background-color":"var(--ast-global-color-5)","background-image":"","background-repeat":"repeat","background-position":"center center","background-size":"auto","background-attachment":"scroll","background-type":"","background-media":"","overlay-type":"","overlay-color":"","overlay-opacity":"","overlay-gradient":""},"tablet":{"background-color":"","background-image":"","background-repeat":"repeat","background-position":"center center","background-size":"auto","background-attachment":"scroll","background-type":"","background-media":"","overlay-type":"","overlay-color":"","overlay-opacity":"","overlay-gradient":""},"mobile":{"background-color":"","background-image":"","background-repeat":"repeat","background-position":"center center","background-size":"auto","background-attachment":"scroll","background-type":"","background-media":"","overlay-type":"","overlay-color":"","overlay-opacity":"","overlay-gradient":""}},"ast-content-background-meta":{"desktop":{"background-color":"var(--ast-global-color-4)","background-image":"","background-repeat":"repeat","background-position":"center center","background-size":"auto","background-attachment":"scroll","background-type":"","background-media":"","overlay-type":"","overlay-color":"","overlay-opacity":"","overlay-gradient":""},"tablet":{"background-color":"var(--ast-global-color-4)","background-image":"","background-repeat":"repeat","background-position":"center center","background-size":"auto","background-attachment":"scroll","background-type":"","background-media":"","overlay-type":"","overlay-color":"","overlay-opacity":"","overlay-gradient":""},"mobile":{"background-color":"var(--ast-global-color-4)","background-image":"","background-repeat":"repeat","background-position":"center center","background-size":"auto","background-attachment":"scroll","background-type":"","background-media":"","overlay-type":"","overlay-color":"","overlay-opacity":"","overlay-gradient":""}},"footnotes":""},"class_list":["post-656","page","type-page","status-publish","hentry"],"yoast_head":"<!-- This site is optimized with the Yoast SEO plugin v27.5 - https:\/\/yoast.com\/product\/yoast-seo-wordpress\/ -->\n<title>Mahya Harc\u0131 Antrasit - POWERMIXXX<\/title>\n<meta name=\"robots\" content=\"index, follow, max-snippet:-1, max-image-preview:large, max-video-preview:-1\" \/>\n<link rel=\"canonical\" href=\"https:\/\/www.powermixxx.com.tr\/?page_id=656\" \/>\n<meta property=\"og:locale\" content=\"tr_TR\" \/>\n<meta property=\"og:type\" content=\"article\" \/>\n<meta property=\"og:title\" content=\"Mahya Harc\u0131 Antrasit - POWERMIXXX\" \/>\n<meta property=\"og:description\" content=\"\u00c7imento esasl\u0131, polimer katk\u0131l\u0131, \u00e7at\u0131 mahya kiremitlerinin montaj\u0131nda kullan\u0131lan yap\u0131\u015ft\u0131rma harc\u0131d\u0131r. Kullan\u0131m Alanlar\u0131 \u00d6zellikler\" \/>\n<meta property=\"og:url\" content=\"https:\/\/www.powermixxx.com.tr\/?page_id=656\" \/>\n<meta property=\"og:site_name\" content=\"POWERMIXXX\" \/>\n<meta property=\"article:modified_time\" content=\"2026-02-18T20:11:19+00:00\" \/>\n<meta property=\"og:image\" content=\"https:\/\/www.powermixxx.com.tr\/wp-content\/uploads\/2026\/02\/mahyaa-1.png\" \/>\n\t<meta property=\"og:image:width\" content=\"1168\" \/>\n\t<meta property=\"og:image:height\" content=\"1593\" \/>\n\t<meta property=\"og:image:type\" content=\"image\/png\" \/>\n<meta name=\"twitter:card\" content=\"summary_large_image\" \/>\n<meta name=\"twitter:label1\" content=\"Tahmini okuma s\u00fcresi\" \/>\n\t<meta name=\"twitter:data1\" content=\"2 dakika\" \/>\n<script type=\"application\/ld+json\" class=\"yoast-schema-graph\">{\"@context\":\"https:\\\/\\\/schema.org\",\"@graph\":[{\"@type\":\"WebPage\",\"@id\":\"https:\\\/\\\/www.powermixxx.com.tr\\\/?page_id=656\",\"url\":\"https:\\\/\\\/www.powermixxx.com.tr\\\/?page_id=656\",\"name\":\"Mahya Harc\u0131 Antrasit - POWERMIXXX\",\"isPartOf\":{\"@id\":\"https:\\\/\\\/www.powermixxx.com.tr\\\/#website\"},\"primaryImageOfPage\":{\"@id\":\"https:\\\/\\\/www.powermixxx.com.tr\\\/?page_id=656#primaryimage\"},\"image\":{\"@id\":\"https:\\\/\\\/www.powermixxx.com.tr\\\/?page_id=656#primaryimage\"},\"thumbnailUrl\":\"https:\\\/\\\/www.powermixxx.com.tr\\\/wp-content\\\/uploads\\\/2026\\\/02\\\/mahyaa-1-751x1024.png\",\"datePublished\":\"2026-02-18T20:10:57+00:00\",\"dateModified\":\"2026-02-18T20:11:19+00:00\",\"breadcrumb\":{\"@id\":\"https:\\\/\\\/www.powermixxx.com.tr\\\/?page_id=656#breadcrumb\"},\"inLanguage\":\"tr\",\"potentialAction\":[{\"@type\":\"ReadAction\",\"target\":[\"https:\\\/\\\/www.powermixxx.com.tr\\\/?page_id=656\"]}]},{\"@type\":\"ImageObject\",\"inLanguage\":\"tr\",\"@id\":\"https:\\\/\\\/www.powermixxx.com.tr\\\/?page_id=656#primaryimage\",\"url\":\"https:\\\/\\\/www.powermixxx.com.tr\\\/wp-content\\\/uploads\\\/2026\\\/02\\\/mahyaa-1.png\",\"contentUrl\":\"https:\\\/\\\/www.powermixxx.com.tr\\\/wp-content\\\/uploads\\\/2026\\\/02\\\/mahyaa-1.png\",\"width\":1168,\"height\":1593},{\"@type\":\"BreadcrumbList\",\"@id\":\"https:\\\/\\\/www.powermixxx.com.tr\\\/?page_id=656#breadcrumb\",\"itemListElement\":[{\"@type\":\"ListItem\",\"position\":1,\"name\":\"Anasayfa\",\"item\":\"https:\\\/\\\/www.powermixxx.com.tr\\\/\"},{\"@type\":\"ListItem\",\"position\":2,\"name\":\"Mahya Harc\u0131 Antrasit\"}]},{\"@type\":\"WebSite\",\"@id\":\"https:\\\/\\\/www.powermixxx.com.tr\\\/#website\",\"url\":\"https:\\\/\\\/www.powermixxx.com.tr\\\/\",\"name\":\"POWERMIXXX\",\"description\":\"POWERMIXXX\",\"publisher\":{\"@id\":\"https:\\\/\\\/www.powermixxx.com.tr\\\/#organization\"},\"potentialAction\":[{\"@type\":\"SearchAction\",\"target\":{\"@type\":\"EntryPoint\",\"urlTemplate\":\"https:\\\/\\\/www.powermixxx.com.tr\\\/?s={search_term_string}\"},\"query-input\":{\"@type\":\"PropertyValueSpecification\",\"valueRequired\":true,\"valueName\":\"search_term_string\"}}],\"inLanguage\":\"tr\"},{\"@type\":\"Organization\",\"@id\":\"https:\\\/\\\/www.powermixxx.com.tr\\\/#organization\",\"name\":\"POWERMIXXX\",\"url\":\"https:\\\/\\\/www.powermixxx.com.tr\\\/\",\"logo\":{\"@type\":\"ImageObject\",\"inLanguage\":\"tr\",\"@id\":\"https:\\\/\\\/www.powermixxx.com.tr\\\/#\\\/schema\\\/logo\\\/image\\\/\",\"url\":\"https:\\\/\\\/www.powermixxx.com.tr\\\/wp-content\\\/uploads\\\/2026\\\/02\\\/cropped-powermix.png\",\"contentUrl\":\"https:\\\/\\\/www.powermixxx.com.tr\\\/wp-content\\\/uploads\\\/2026\\\/02\\\/cropped-powermix.png\",\"width\":1660,\"height\":285,\"caption\":\"POWERMIXXX\"},\"image\":{\"@id\":\"https:\\\/\\\/www.powermixxx.com.tr\\\/#\\\/schema\\\/logo\\\/image\\\/\"}}]}<\/script>\n<!-- \/ Yoast SEO plugin. -->","yoast_head_json":{"title":"Mahya Harc\u0131 Antrasit - POWERMIXXX","robots":{"index":"index","follow":"follow","max-snippet":"max-snippet:-1","max-image-preview":"max-image-preview:large","max-video-preview":"max-video-preview:-1"},"canonical":"https:\/\/www.powermixxx.com.tr\/?page_id=656","og_locale":"tr_TR","og_type":"article","og_title":"Mahya Harc\u0131 Antrasit - POWERMIXXX","og_description":"\u00c7imento esasl\u0131, polimer katk\u0131l\u0131, \u00e7at\u0131 mahya kiremitlerinin montaj\u0131nda kullan\u0131lan yap\u0131\u015ft\u0131rma harc\u0131d\u0131r. Kullan\u0131m Alanlar\u0131 \u00d6zellikler","og_url":"https:\/\/www.powermixxx.com.tr\/?page_id=656","og_site_name":"POWERMIXXX","article_modified_time":"2026-02-18T20:11:19+00:00","og_image":[{"width":1168,"height":1593,"url":"https:\/\/www.powermixxx.com.tr\/wp-content\/uploads\/2026\/02\/mahyaa-1.png","type":"image\/png"}],"twitter_card":"summary_large_image","twitter_misc":{"Tahmini okuma s\u00fcresi":"2 dakika"},"schema":{"@context":"https:\/\/schema.org","@graph":[{"@type":"WebPage","@id":"https:\/\/www.powermixxx.com.tr\/?page_id=656","url":"https:\/\/www.powermixxx.com.tr\/?page_id=656","name":"Mahya Harc\u0131 Antrasit - POWERMIXXX","isPartOf":{"@id":"https:\/\/www.powermixxx.com.tr\/#website"},"primaryImageOfPage":{"@id":"https:\/\/www.powermixxx.com.tr\/?page_id=656#primaryimage"},"image":{"@id":"https:\/\/www.powermixxx.com.tr\/?page_id=656#primaryimage"},"thumbnailUrl":"https:\/\/www.powermixxx.com.tr\/wp-content\/uploads\/2026\/02\/mahyaa-1-751x1024.png","datePublished":"2026-02-18T20:10:57+00:00","dateModified":"2026-02-18T20:11:19+00:00","breadcrumb":{"@id":"https:\/\/www.powermixxx.com.tr\/?page_id=656#breadcrumb"},"inLanguage":"tr","potentialAction":[{"@type":"ReadAction","target":["https:\/\/www.powermixxx.com.tr\/?page_id=656"]}]},{"@type":"ImageObject","inLanguage":"tr","@id":"https:\/\/www.powermixxx.com.tr\/?page_id=656#primaryimage","url":"https:\/\/www.powermixxx.com.tr\/wp-content\/uploads\/2026\/02\/mahyaa-1.png","contentUrl":"https:\/\/www.powermixxx.com.tr\/wp-content\/uploads\/2026\/02\/mahyaa-1.png","width":1168,"height":1593},{"@type":"BreadcrumbList","@id":"https:\/\/www.powermixxx.com.tr\/?page_id=656#breadcrumb","itemListElement":[{"@type":"ListItem","position":1,"name":"Anasayfa","item":"https:\/\/www.powermixxx.com.tr\/"},{"@type":"ListItem","position":2,"name":"Mahya Harc\u0131 Antrasit"}]},{"@type":"WebSite","@id":"https:\/\/www.powermixxx.com.tr\/#website","url":"https:\/\/www.powermixxx.com.tr\/","name":"POWERMIXXX","description":"POWERMIXXX","publisher":{"@id":"https:\/\/www.powermixxx.com.tr\/#organization"},"potentialAction":[{"@type":"SearchAction","target":{"@type":"EntryPoint","urlTemplate":"https:\/\/www.powermixxx.com.tr\/?s={search_term_string}"},"query-input":{"@type":"PropertyValueSpecification","valueRequired":true,"valueName":"search_term_string"}}],"inLanguage":"tr"},{"@type":"Organization","@id":"https:\/\/www.powermixxx.com.tr\/#organization","name":"POWERMIXXX","url":"https:\/\/www.powermixxx.com.tr\/","logo":{"@type":"ImageObject","inLanguage":"tr","@id":"https:\/\/www.powermixxx.com.tr\/#\/schema\/logo\/image\/","url":"https:\/\/www.powermixxx.com.tr\/wp-content\/uploads\/2026\/02\/cropped-powermix.png","contentUrl":"https:\/\/www.powermixxx.com.tr\/wp-content\/uploads\/2026\/02\/cropped-powermix.png","width":1660,"height":285,"caption":"POWERMIXXX"},"image":{"@id":"https:\/\/www.powermixxx.com.tr\/#\/schema\/logo\/image\/"}}]}},"_links":{"self":[{"href":"https:\/\/www.powermixxx.com.tr\/index.php?rest_route=\/wp\/v2\/pages\/656","targetHints":{"allow":["GET"]}}],"collection":[{"href":"https:\/\/www.powermixxx.com.tr\/index.php?rest_route=\/wp\/v2\/pages"}],"about":[{"href":"https:\/\/www.powermixxx.com.tr\/index.php?rest_route=\/wp\/v2\/types\/page"}],"author":[{"embeddable":true,"href":"https:\/\/www.powermixxx.com.tr\/index.php?rest_route=\/wp\/v2\/users\/1"}],"replies":[{"embeddable":true,"href":"https:\/\/www.powermixxx.com.tr\/index.php?rest_route=%2Fwp%2Fv2%2Fcomments&post=656"}],"version-history":[{"count":2,"href":"https:\/\/www.powermixxx.com.tr\/index.php?rest_route=\/wp\/v2\/pages\/656\/revisions"}],"predecessor-version":[{"id":659,"href":"https:\/\/www.powermixxx.com.tr\/index.php?rest_route=\/wp\/v2\/pages\/656\/revisions\/659"}],"wp:attachment":[{"href":"https:\/\/www.powermixxx.com.tr\/index.php?rest_route=%2Fwp%2Fv2%2Fmedia&parent=656"}],"curies":[{"name":"wp","href":"https:\/\/api.w.org\/{rel}","templated":true}]}}